{"id":6479,"date":"2024-02-16T17:32:54","date_gmt":"2024-02-16T20:32:54","guid":{"rendered":"https:\/\/mixshoppjc.com\/index.php\/product\/produto-3890\/"},"modified":"2024-06-20T09:55:32","modified_gmt":"2024-06-20T12:55:32","slug":"produto-3890","status":"publish","type":"product","link":"https:\/\/mixshoppjc.com\/?product=produto-3890","title":{"rendered":"Adaptador de Tomada USB-C Samsung 25W\/3A &#8211; Preto"},"content":{"rendered":"<div class=\"product-d-buttons\">\n<div class=\"wrap swiper-pagination-clickable is-bullets\"><span class=\"button is-gray is-square swiper-pagination-bullet is-enabled\">Especifica\u00e7\u00f5es<\/span><\/div>\n<\/div>\n<div class=\"swiper is-init is-auto\" data-name=\"product_details\">\n<div class=\"grid\">\n<div class=\"grid-item is-visible is-active\">\n<section class=\"product-d-item\">\n<article class=\"specs\">\n<ul class=\"grid\">\n<li class=\"grid-item\"><span class=\"text is-larger titulo\">Modelo <\/span><span class=\"text is-larger\">Super Fast Charge<\/span><\/li>\n<li class=\"grid-item\"><span class=\"text is-larger titulo\">Port\u00e1til <\/span><span class=\"text is-larger\">Sim<\/span><\/li>\n<li class=\"grid-item\"><span class=\"text is-larger titulo\">Conector <\/span><span class=\"text is-larger\">USB-C<\/span><\/li>\n<li class=\"grid-item\"><span class=\"text is-larger titulo\">Pot\u00eancia <\/span><span class=\"text is-larger\">25 W<\/span><\/li>\n<li class=\"grid-item\"><span class=\"text is-larger titulo\">Voltagem <\/span><span class=\"text is-larger\">Bivolt<\/span><\/li>\n<li class=\"grid-item\"><span class=\"text is-larger titulo\">Fast charge <\/span><span class=\"text is-larger\">Sim<\/span><\/li>\n<li class=\"grid-item\"><span class=\"text is-larger titulo\">Cor <\/span><span class=\"text is-larger\">Preto<\/span><\/li>\n<li class=\"grid-item\"><span class=\"text is-larger titulo\">Observa\u00e7\u00f5es <\/span><span class=\"text is-larger\">R\u00e9plica<\/span><\/li>\n<li class=\"grid-item\"><span class=\"text is-larger titulo\">Peso bruto <\/span><span class=\"text is-larger\">50.25 g<\/span><\/li>\n<li class=\"grid-item\"><span class=\"text is-larger titulo\">Dimens\u00f5es <\/span><span class=\"text is-larger\">41.4 x 78.1 x 26.2 mm<\/span><\/li>\n<\/ul>\n<\/article>\n<\/section>\n<\/div>\n<\/div>\n<\/div>\n","protected":false},"excerpt":{"rendered":"<p>Especifica\u00e7\u00f5es Modelo Super Fast Charge Port\u00e1til Sim Conector USB-C Pot\u00eancia 25 W Voltagem Bivolt Fast charge Sim Cor Preto Observa\u00e7\u00f5es R\u00e9plica Peso bruto 50.25 g Dimens\u00f5es 41.4 x 78.1 x 26.2 mm<\/p>\n","protected":false},"featured_media":6492,"comment_status":"open","ping_status":"closed","template":"","meta":{"om_disable_all_campaigns":false,"_uf_show_specific_survey":0,"_uf_disable_surveys":false},"pwb-brand":[92],"product_cat":[241,33,50,127],"product_tag":[56],"class_list":{"0":"post-6479","1":"product","2":"type-product","3":"status-publish","4":"has-post-thumbnail","6":"pwb-brand-samsung","7":"product_cat-ofertas","8":"product_cat-acessorios-e-perifericos","9":"product_cat-adaptadores","10":"product_cat-carregadores","11":"product_tag-samsung","13":"first","14":"instock","15":"sale","16":"taxable","17":"shipping-taxable","18":"purchasable","19":"product-type-simple"},"aioseo_notices":[],"jetpack_sharing_enabled":true,"brands":[{"id":92,"name":"Samsung","slug":"samsung"}],"_links":{"self":[{"href":"https:\/\/mixshoppjc.com\/index.php?rest_route=\/wp\/v2\/product\/6479","targetHints":{"allow":["GET"]}}],"collection":[{"href":"https:\/\/mixshoppjc.com\/index.php?rest_route=\/wp\/v2\/product"}],"about":[{"href":"https:\/\/mixshoppjc.com\/index.php?rest_route=\/wp\/v2\/types\/product"}],"replies":[{"embeddable":true,"href":"https:\/\/mixshoppjc.com\/index.php?rest_route=%2Fwp%2Fv2%2Fcomments&post=6479"}],"wp:featuredmedia":[{"embeddable":true,"href":"https:\/\/mixshoppjc.com\/index.php?rest_route=\/wp\/v2\/media\/6492"}],"wp:attachment":[{"href":"https:\/\/mixshoppjc.com\/index.php?rest_route=%2Fwp%2Fv2%2Fmedia&parent=6479"}],"wp:term":[{"taxonomy":"pwb-brand","embeddable":true,"href":"https:\/\/mixshoppjc.com\/index.php?rest_route=%2Fwp%2Fv2%2Fpwb-brand&post=6479"},{"taxonomy":"product_cat","embeddable":true,"href":"https:\/\/mixshoppjc.com\/index.php?rest_route=%2Fwp%2Fv2%2Fproduct_cat&post=6479"},{"taxonomy":"product_tag","embeddable":true,"href":"https:\/\/mixshoppjc.com\/index.php?rest_route=%2Fwp%2Fv2%2Fproduct_tag&post=6479"}],"curies":[{"name":"wp","href":"https:\/\/api.w.org\/{rel}","templated":true}]}}