{"id":6475,"date":"2024-02-16T17:32:48","date_gmt":"2024-02-16T20:32:48","guid":{"rendered":"https:\/\/mixshoppjc.com\/index.php\/product\/produto-3886\/"},"modified":"2024-06-20T09:56:11","modified_gmt":"2024-06-20T12:56:11","slug":"produto-3886","status":"publish","type":"product","link":"https:\/\/mixshoppjc.com\/?product=produto-3886","title":{"rendered":"Smartwatch Haylou Solar Pro com Bluetooth &#8211; Preto"},"content":{"rendered":"<h4>Especifica\u00e7\u00f5es<\/h4>\n<div class=\"bor contenedor especificaciones\">\n<div class=\"item d-flex flex-column flex-lg-row\">\n<div class=\"esp d-flex align-items-center bor\">MARCA<\/div>\n<div class=\"valor bor\">Haylou<\/div>\n<\/div>\n<div class=\"item d-flex flex-column flex-lg-row\">\n<div class=\"esp d-flex align-items-center bor\">MODELO<\/div>\n<div class=\"valor bor\">Solar Pro<\/div>\n<\/div>\n<div class=\"item d-flex flex-column flex-lg-row\">\n<div class=\"esp d-flex align-items-center bor\">COR<\/div>\n<div class=\"valor bor\">Preto<\/div>\n<\/div>\n<div class=\"item d-flex flex-column flex-lg-row\">\n<div class=\"esp d-flex align-items-center bor\">VISOR<\/div>\n<div class=\"valor bor\">Touch Screen de 1.43&#8243; AMOLED<\/div>\n<\/div>\n<div class=\"item d-flex flex-column flex-lg-row\">\n<div class=\"esp d-flex align-items-center bor\">COMPATIBILIDADE<\/div>\n<div class=\"valor bor\">Smartphones com iOS 11 e Android 6.0 ou vers\u00f5es superiores desses sistemas operacionais<\/div>\n<\/div>\n<div class=\"item d-flex flex-column flex-lg-row\">\n<div class=\"esp d-flex align-items-center bor\">FUN\u00c7\u00d5ES<\/div>\n<div class=\"valor bor\">Hora e data &#8211; Ped\u00f4metro &#8211; Mede a frequ\u00eancia card\u00edaca e a satura\u00e7\u00e3o de oxig\u00eanio no sangue (SpO2) atrav\u00e9s do pulso &#8211; Faz contagem das calorias queimadas e da dist\u00e2ncia percorrida &#8211; Monitora a qualidade do sono, a sa\u00fade feminina e os n\u00edveis de estresse &#8211; Alarme &#8211; Temporizador &#8211; Cron\u00f4metro &#8211; Alerta de inatividade &#8211; Previs\u00e3o do tempo<\/div>\n<\/div>\n<div class=\"item d-flex flex-column flex-lg-row\">\n<div class=\"esp d-flex align-items-center bor\">CARACTER\u00cdSTICAS<\/div>\n<div class=\"valor bor\">Monitora at\u00e9 105 modalidades esportivas &#8211; Recebe notifica\u00e7\u00f5es inteligentes de chamadas, mensagens, e-mails e de outros aplicativos &#8211; Controla a reprodu\u00e7\u00e3o de m\u00fasica do dispositivo m\u00f3vel conectado ao rel\u00f3gio &#8211; Suporta comandos de voz atrav\u00e9s da assistente virtual AI Voice Assistant &#8211; Com fun\u00e7\u00e3o SOS, que ao pressionar 3 vezes seguidas o bot\u00e3o superior chama automaticamente o contato de emerg\u00eancia atribu\u00eddo &#8211; Compat\u00edvel com aplicativo Haylou Fun<\/div>\n<\/div>\n<div class=\"item d-flex flex-column flex-lg-row\">\n<div class=\"esp d-flex align-items-center bor\">CONECTIVIDADE WIRELESS<\/div>\n<div class=\"valor bor\">Bluetooth 5.2<\/div>\n<\/div>\n<div class=\"item d-flex flex-column flex-lg-row\">\n<div class=\"esp d-flex align-items-center bor\">SENSOR<\/div>\n<div class=\"valor bor\">Sensor de frequ\u00eancia card\u00edaca &#8211; Aceler\u00f4metro &#8211; Sensor de Oxig\u00eanio no sangue &#8211; Sensor de Press\u00e3o<\/div>\n<\/div>\n<div class=\"item d-flex flex-column flex-lg-row\">\n<div class=\"esp d-flex align-items-center bor\">RESISTENTE A \u00c1GUA<\/div>\n<div class=\"valor bor\">2 ATM<\/div>\n<\/div>\n<div class=\"item d-flex flex-column flex-lg-row\">\n<div class=\"esp d-flex align-items-center bor\">MICROFONE<\/div>\n<div class=\"valor bor\">Integrado<\/div>\n<\/div>\n<div class=\"item d-flex flex-column flex-lg-row\">\n<div class=\"esp d-flex align-items-center bor\">ALTO-FALANTE<\/div>\n<div class=\"valor bor\">Hi-Fi<\/div>\n<\/div>\n<div class=\"item d-flex flex-column flex-lg-row\">\n<div class=\"esp d-flex align-items-center bor\">BATERIA<\/div>\n<div class=\"valor bor\">300 mAh<\/div>\n<\/div>\n<div class=\"item d-flex flex-column flex-lg-row\">\n<div class=\"esp d-flex align-items-center bor\">DURA\u00c7\u00c3O DA BATERIA<\/div>\n<div class=\"valor bor\">Aproximadamente 7 dias para uso diario, at\u00e9 20 dias para uso basico<\/div>\n<\/div>\n<div class=\"item d-flex flex-column flex-lg-row\">\n<div class=\"esp d-flex align-items-center bor\">PESO BRUTO (g)<\/div>\n<div class=\"valor bor\">141<\/div>\n<\/div>\n<div class=\"item d-flex flex-column flex-lg-row\">\n<div class=\"esp d-flex align-items-center bor\">DIMENS\u00d5ES DA EMBALAGEM (cm)<\/div>\n<div class=\"valor bor\">9.6 x 3.2 x 17.4<\/div>\n<\/div>\n<div class=\"item d-flex flex-column flex-lg-row\">\n<div class=\"esp d-flex align-items-center bor\">INCLUI<\/div>\n<div class=\"valor bor\">Cabo USB Magn\u00e9tico &#8211; Manual<\/div>\n<\/div>\n<\/div>\n","protected":false},"excerpt":{"rendered":"<p>Especifica\u00e7\u00f5es MARCA Haylou MODELO Solar Pro COR Preto VISOR Touch Screen de 1.43&#8243; AMOLED COMPATIBILIDADE Smartphones com iOS 11 e Android 6.0 ou vers\u00f5es superiores desses sistemas operacionais FUN\u00c7\u00d5ES Hora e data &#8211; Ped\u00f4metro &#8211; Mede a frequ\u00eancia card\u00edaca e a satura\u00e7\u00e3o de oxig\u00eanio no sangue (SpO2) atrav\u00e9s do pulso &#8211; Faz contagem das calorias [&hellip;]<\/p>\n","protected":false},"featured_media":6509,"comment_status":"open","ping_status":"closed","template":"","meta":{"om_disable_all_campaigns":false,"_uf_show_specific_survey":0,"_uf_disable_surveys":false},"pwb-brand":[93],"product_cat":[187,241,47,72],"product_tag":[],"class_list":{"0":"post-6475","1":"product","2":"type-product","3":"status-publish","4":"has-post-thumbnail","6":"pwb-brand-xiaomi","7":"product_cat-novidades","8":"product_cat-ofertas","9":"product_cat-relogio","10":"product_cat-smartwatch","12":"first","13":"instock","14":"sale","15":"taxable","16":"shipping-taxable","17":"purchasable","18":"product-type-simple"},"aioseo_notices":[],"jetpack_sharing_enabled":true,"brands":[{"id":93,"name":"Xiaomi","slug":"xiaomi"}],"_links":{"self":[{"href":"https:\/\/mixshoppjc.com\/index.php?rest_route=\/wp\/v2\/product\/6475","targetHints":{"allow":["GET"]}}],"collection":[{"href":"https:\/\/mixshoppjc.com\/index.php?rest_route=\/wp\/v2\/product"}],"about":[{"href":"https:\/\/mixshoppjc.com\/index.php?rest_route=\/wp\/v2\/types\/product"}],"replies":[{"embeddable":true,"href":"https:\/\/mixshoppjc.com\/index.php?rest_route=%2Fwp%2Fv2%2Fcomments&post=6475"}],"wp:featuredmedia":[{"embeddable":true,"href":"https:\/\/mixshoppjc.com\/index.php?rest_route=\/wp\/v2\/media\/6509"}],"wp:attachment":[{"href":"https:\/\/mixshoppjc.com\/index.php?rest_route=%2Fwp%2Fv2%2Fmedia&parent=6475"}],"wp:term":[{"taxonomy":"pwb-brand","embeddable":true,"href":"https:\/\/mixshoppjc.com\/index.php?rest_route=%2Fwp%2Fv2%2Fpwb-brand&post=6475"},{"taxonomy":"product_cat","embeddable":true,"href":"https:\/\/mixshoppjc.com\/index.php?rest_route=%2Fwp%2Fv2%2Fproduct_cat&post=6475"},{"taxonomy":"product_tag","embeddable":true,"href":"https:\/\/mixshoppjc.com\/index.php?rest_route=%2Fwp%2Fv2%2Fproduct_tag&post=6475"}],"curies":[{"name":"wp","href":"https:\/\/api.w.org\/{rel}","templated":true}]}}