{"id":6396,"date":"2024-02-16T17:30:39","date_gmt":"2024-02-16T20:30:39","guid":{"rendered":"https:\/\/mixshoppjc.com\/index.php\/product\/produto-3807\/"},"modified":"2024-02-29T11:16:42","modified_gmt":"2024-02-29T14:16:42","slug":"produto-3807","status":"publish","type":"product","link":"https:\/\/mixshoppjc.com\/?product=produto-3807","title":{"rendered":"Carregador Veicular Ecopower EP-7036 &#8211; USB &#8211; Com..."},"content":{"rendered":"<p>Especifica\u00e7\u00f5es<\/p>\n<p>Marca<br \/>Ecopower<br \/>Modelo<br \/>EP-7036<br \/>Cor<br \/>Preto<br \/>Interface<br \/>USB &#8211; Micro USB<br \/>Amperagem<br \/>2.1A<br \/>Dimens\u00f5es da Embalagem<br \/>10.00 cm X 5.00 cm X 3.00 cm<br \/>Peso Bruto<br \/>0.048 kg<\/p>\n","protected":false},"excerpt":{"rendered":"<p>Especifica\u00e7\u00f5es MarcaEcopowerModeloEP-7036CorPretoInterfaceUSB &#8211; Micro USBAmperagem2.1ADimens\u00f5es da Embalagem10.00 cm X 5.00 cm X 3.00 cmPeso Bruto0.048 kg<\/p>\n","protected":false},"featured_media":7189,"comment_status":"open","ping_status":"closed","template":"","meta":{"om_disable_all_campaigns":false,"_uf_show_specific_survey":0,"_uf_disable_surveys":false},"pwb-brand":[153],"product_cat":[33,127,34],"product_tag":[129,125],"class_list":{"0":"post-6396","1":"product","2":"type-product","3":"status-publish","4":"has-post-thumbnail","6":"pwb-brand-ecopower","7":"product_cat-acessorios-e-perifericos","8":"product_cat-carregadores","9":"product_cat-audio-automotivo","10":"product_tag-carregador","11":"product_tag-micro","13":"first","14":"instock","15":"taxable","16":"shipping-taxable","17":"purchasable","18":"product-type-simple"},"aioseo_notices":[],"jetpack_sharing_enabled":true,"brands":[{"id":153,"name":"ECOPOWER","slug":"ecopower"}],"_links":{"self":[{"href":"https:\/\/mixshoppjc.com\/index.php?rest_route=\/wp\/v2\/product\/6396","targetHints":{"allow":["GET"]}}],"collection":[{"href":"https:\/\/mixshoppjc.com\/index.php?rest_route=\/wp\/v2\/product"}],"about":[{"href":"https:\/\/mixshoppjc.com\/index.php?rest_route=\/wp\/v2\/types\/product"}],"replies":[{"embeddable":true,"href":"https:\/\/mixshoppjc.com\/index.php?rest_route=%2Fwp%2Fv2%2Fcomments&post=6396"}],"wp:featuredmedia":[{"embeddable":true,"href":"https:\/\/mixshoppjc.com\/index.php?rest_route=\/wp\/v2\/media\/7189"}],"wp:attachment":[{"href":"https:\/\/mixshoppjc.com\/index.php?rest_route=%2Fwp%2Fv2%2Fmedia&parent=6396"}],"wp:term":[{"taxonomy":"pwb-brand","embeddable":true,"href":"https:\/\/mixshoppjc.com\/index.php?rest_route=%2Fwp%2Fv2%2Fpwb-brand&post=6396"},{"taxonomy":"product_cat","embeddable":true,"href":"https:\/\/mixshoppjc.com\/index.php?rest_route=%2Fwp%2Fv2%2Fproduct_cat&post=6396"},{"taxonomy":"product_tag","embeddable":true,"href":"https:\/\/mixshoppjc.com\/index.php?rest_route=%2Fwp%2Fv2%2Fproduct_tag&post=6396"}],"curies":[{"name":"wp","href":"https:\/\/api.w.org\/{rel}","templated":true}]}}