{"id":6373,"date":"2024-02-16T17:29:59","date_gmt":"2024-02-16T20:29:59","guid":{"rendered":"https:\/\/mixshoppjc.com\/index.php\/product\/produto-3784\/"},"modified":"2024-02-29T21:40:25","modified_gmt":"2024-03-01T00:40:25","slug":"produto-3784","status":"publish","type":"product","link":"https:\/\/mixshoppjc.com\/?product=produto-3784","title":{"rendered":"Cortador de Cabelo Wahl Classic Series 08358-208 &#8211; 11W..."},"content":{"rendered":"<p>Especifica\u00e7\u00f5es<\/p>\n<p>Marca<br \/>Wahl<br \/>Modelo<br \/>Classic Series 08358-208<br \/>Cor<br \/>Branco<br \/>Pot\u00eancia<br \/>11W<br \/>Acess\u00f3rios<br \/>6 pentes de pl\u00e1stico encaix\u00e1veis (3 &#8211; 6 &#8211; 10 &#8211; 13 &#8211; 19 &#8211; 25 mm) &#8211; Pente para cabelo<br \/>Uso<br \/>Cabelo &#8211; Barba &#8211; Corpo<br \/>Material<br \/>A\u00e7o inoxid\u00e1vel<br \/>Voltagem<br \/>110V<br \/>Dimens\u00f5es da Embalagem<br \/>25.30 cm X 19.60 cm X 8.00 cm<br \/>Peso Bruto<br \/>0.860 kg<\/p>\n","protected":false},"excerpt":{"rendered":"<p>Especifica\u00e7\u00f5es MarcaWahlModeloClassic Series 08358-208CorBrancoPot\u00eancia11WAcess\u00f3rios6 pentes de pl\u00e1stico encaix\u00e1veis (3 &#8211; 6 &#8211; 10 &#8211; 13 &#8211; 19 &#8211; 25 mm) &#8211; Pente para cabeloUsoCabelo &#8211; Barba &#8211; CorpoMaterialA\u00e7o inoxid\u00e1velVoltagem110VDimens\u00f5es da Embalagem25.30 cm X 19.60 cm X 8.00 cmPeso Bruto0.860 kg<\/p>\n","protected":false},"featured_media":7257,"comment_status":"open","ping_status":"closed","template":"","meta":{"om_disable_all_campaigns":false,"_uf_show_specific_survey":0,"_uf_disable_surveys":false},"pwb-brand":[],"product_cat":[35,78,77],"product_tag":[],"class_list":{"0":"post-6373","1":"product","2":"type-product","3":"status-publish","4":"has-post-thumbnail","6":"product_cat-beleza-e-saude","7":"product_cat-beleza","8":"product_cat-cortador-de-cabelo","10":"first","11":"instock","12":"sale","13":"taxable","14":"shipping-taxable","15":"purchasable","16":"product-type-simple"},"aioseo_notices":[],"jetpack_sharing_enabled":true,"brands":[],"_links":{"self":[{"href":"https:\/\/mixshoppjc.com\/index.php?rest_route=\/wp\/v2\/product\/6373","targetHints":{"allow":["GET"]}}],"collection":[{"href":"https:\/\/mixshoppjc.com\/index.php?rest_route=\/wp\/v2\/product"}],"about":[{"href":"https:\/\/mixshoppjc.com\/index.php?rest_route=\/wp\/v2\/types\/product"}],"replies":[{"embeddable":true,"href":"https:\/\/mixshoppjc.com\/index.php?rest_route=%2Fwp%2Fv2%2Fcomments&post=6373"}],"wp:featuredmedia":[{"embeddable":true,"href":"https:\/\/mixshoppjc.com\/index.php?rest_route=\/wp\/v2\/media\/7257"}],"wp:attachment":[{"href":"https:\/\/mixshoppjc.com\/index.php?rest_route=%2Fwp%2Fv2%2Fmedia&parent=6373"}],"wp:term":[{"taxonomy":"pwb-brand","embeddable":true,"href":"https:\/\/mixshoppjc.com\/index.php?rest_route=%2Fwp%2Fv2%2Fpwb-brand&post=6373"},{"taxonomy":"product_cat","embeddable":true,"href":"https:\/\/mixshoppjc.com\/index.php?rest_route=%2Fwp%2Fv2%2Fproduct_cat&post=6373"},{"taxonomy":"product_tag","embeddable":true,"href":"https:\/\/mixshoppjc.com\/index.php?rest_route=%2Fwp%2Fv2%2Fproduct_tag&post=6373"}],"curies":[{"name":"wp","href":"https:\/\/api.w.org\/{rel}","templated":true}]}}