{"id":6351,"date":"2024-02-16T17:29:26","date_gmt":"2024-02-16T20:29:26","guid":{"rendered":"https:\/\/mixshoppjc.com\/index.php\/product\/produto-3762\/"},"modified":"2024-02-29T22:51:20","modified_gmt":"2024-03-01T01:51:20","slug":"produto-3762","status":"publish","type":"product","link":"https:\/\/mixshoppjc.com\/?product=produto-3762","title":{"rendered":"Smartphone Motorola Moto E32 XT2227-1 &#8211; 4\/64GB &#8211;..."},"content":{"rendered":"<p>Especifica\u00e7\u00f5es<\/p>\n<p>Resolu\u00e7\u00e3o da tela<br \/>720 x 1600 pixels<br \/>Propor\u00e7\u00e3o de tela<br \/>82.9%<br \/>Densidade de pixels<br \/>270 ppi<br \/>Sistema Operacional<br \/>Android 12<br \/>Chipset<br \/>Mediatek MT6765V\/CB Helio G37 (12 nm)<br \/>CPU<br \/>Octa-core (4&#215;2.3 GHz Cortex-A53 &amp; 4&#215;1.8 GHz Cortex-A53)<br \/>GPU<br \/>PowerVR GE8320<br \/>WLAN<br \/>Wi-Fi 802.11 a\/b\/g\/n\/ac &#8211; Banda Dupla<br \/>Bluetooth<br \/>5.0<br \/>Sensores<br \/>Impress\u00e3o digital &#8211; Aceler\u00f4metro &#8211; Proximidade<br \/>Bateria<br \/>5000mAh<br \/>C\u00e2mera Frontal<br \/>8 MP<br \/>C\u00e2mera Traseira<br \/>50 MP + 2 MP<br \/>Plataforma<br \/>Android<br \/>Mem\u00f3ria interna<br \/>64GB<br \/>Mem\u00f3ria expansivel<br \/>Suporta Cart\u00e3o Micro SD<br \/>Processador<br \/>Octa-Core<br \/>SIM<br \/>Dual-Sim<br \/>Tamanho da tela<br \/>6.5&#8243;<br \/>Conex\u00e3o de Dados<br \/>4G<br \/>Mem\u00f3ria RAM<br \/>4GB<br \/>Dimens\u00f5es da Embalagem<br \/>17.40 cm X 9.10 cm X 4.60 cm<br \/>Peso Bruto<br \/>0.317 kg<\/p>\n","protected":false},"excerpt":{"rendered":"<p>Especifica\u00e7\u00f5es Resolu\u00e7\u00e3o da tela720 x 1600 pixelsPropor\u00e7\u00e3o de tela82.9%Densidade de pixels270 ppiSistema OperacionalAndroid 12ChipsetMediatek MT6765V\/CB Helio G37 (12 nm)CPUOcta-core (4&#215;2.3 GHz Cortex-A53 &amp; 4&#215;1.8 GHz Cortex-A53)GPUPowerVR GE8320WLANWi-Fi 802.11 a\/b\/g\/n\/ac &#8211; Banda DuplaBluetooth5.0SensoresImpress\u00e3o digital &#8211; Aceler\u00f4metro &#8211; ProximidadeBateria5000mAhC\u00e2mera Frontal8 MPC\u00e2mera Traseira50 MP + 2 MPPlataformaAndroidMem\u00f3ria interna64GBMem\u00f3ria expansivelSuporta Cart\u00e3o Micro SDProcessadorOcta-CoreSIMDual-SimTamanho da tela6.5&#8243;Conex\u00e3o de Dados4GMem\u00f3ria RAM4GBDimens\u00f5es da [&hellip;]<\/p>\n","protected":false},"featured_media":7308,"comment_status":"open","ping_status":"closed","template":"","meta":{"om_disable_all_campaigns":false,"_uf_show_specific_survey":0,"_uf_disable_surveys":false},"pwb-brand":[],"product_cat":[181,155,39],"product_tag":[],"class_list":{"0":"post-6351","1":"product","2":"type-product","3":"status-publish","4":"has-post-thumbnail","6":"product_cat-motorola","7":"product_cat-smartphones","8":"product_cat-celulares-tablets","10":"first","11":"instock","12":"taxable","13":"shipping-taxable","14":"purchasable","15":"product-type-simple"},"aioseo_notices":[],"jetpack_sharing_enabled":true,"brands":[],"_links":{"self":[{"href":"https:\/\/mixshoppjc.com\/index.php?rest_route=\/wp\/v2\/product\/6351","targetHints":{"allow":["GET"]}}],"collection":[{"href":"https:\/\/mixshoppjc.com\/index.php?rest_route=\/wp\/v2\/product"}],"about":[{"href":"https:\/\/mixshoppjc.com\/index.php?rest_route=\/wp\/v2\/types\/product"}],"replies":[{"embeddable":true,"href":"https:\/\/mixshoppjc.com\/index.php?rest_route=%2Fwp%2Fv2%2Fcomments&post=6351"}],"wp:featuredmedia":[{"embeddable":true,"href":"https:\/\/mixshoppjc.com\/index.php?rest_route=\/wp\/v2\/media\/7308"}],"wp:attachment":[{"href":"https:\/\/mixshoppjc.com\/index.php?rest_route=%2Fwp%2Fv2%2Fmedia&parent=6351"}],"wp:term":[{"taxonomy":"pwb-brand","embeddable":true,"href":"https:\/\/mixshoppjc.com\/index.php?rest_route=%2Fwp%2Fv2%2Fpwb-brand&post=6351"},{"taxonomy":"product_cat","embeddable":true,"href":"https:\/\/mixshoppjc.com\/index.php?rest_route=%2Fwp%2Fv2%2Fproduct_cat&post=6351"},{"taxonomy":"product_tag","embeddable":true,"href":"https:\/\/mixshoppjc.com\/index.php?rest_route=%2Fwp%2Fv2%2Fproduct_tag&post=6351"}],"curies":[{"name":"wp","href":"https:\/\/api.w.org\/{rel}","templated":true}]}}