{"id":6338,"date":"2024-02-16T17:29:06","date_gmt":"2024-02-16T20:29:06","guid":{"rendered":"https:\/\/mixshoppjc.com\/index.php\/product\/produto-3749\/"},"modified":"2024-02-29T23:27:13","modified_gmt":"2024-03-01T02:27:13","slug":"produto-3749","status":"publish","type":"product","link":"https:\/\/mixshoppjc.com\/?product=produto-3749","title":{"rendered":"Smartphone Xiaomi Redmi Note 12S &#8211; 8\/256GB &#8211; 6.4..."},"content":{"rendered":"<p>Especifica\u00e7\u00f5es<\/p>\n<p>Resolu\u00e7\u00e3o da tela<br \/>1080 x 2400 pixels<br \/>Densidade de pixels<br \/>409 ppi<br \/>Sistema Operacional<br \/>Android 13 &#8211; MIUI 14<br \/>Chipset<br \/>Mediatek Helio G96 (12 nm)<br \/>CPU<br \/>Octa-core (2&#215;2.05 GHz Cortex-A76 &amp; 6&#215;2.0 GHz Cortex-A55)<br \/>GPU<br \/>Mali-G57 MC2<br \/>WLAN<br \/>Wi-Fi 802.11 a\/b\/g\/n\/ac &#8211; Banda Dupla<br \/>Bluetooth<br \/>Sim<br \/>Sensores<br \/>Impress\u00e3o digital &#8211; Aceler\u00f4metro &#8211; Girosc\u00f3pio &#8211; B\u00fassola &#8211; Detec\u00e7\u00e3o de proximidade virtual<br \/>Bateria<br \/>5000mAh<br \/>C\u00e2mera Frontal<br \/>108 MP + 8 MP + 2 MP<br \/>C\u00e2mera Traseira<br \/>16 MP<br \/>Plataforma<br \/>Android<br \/>Mem\u00f3ria interna<br \/>256GB<br \/>Mem\u00f3ria expansivel<br \/>Suporta Cart\u00e3o Micro SD<br \/>Processador<br \/>Octa-Core<br \/>SIM<br \/>Dual-Sim<br \/>Tamanho da tela<br \/>6.4&#8243;<br \/>Conex\u00e3o de Dados<br \/>4G<br \/>Mem\u00f3ria RAM<br \/>8GB<br \/>Dimens\u00f5es da Embalagem<br \/>17.50 cm X 8.70 cm X 5.70 cm<br \/>Peso Bruto<br \/>0.435 kg<\/p>\n","protected":false},"excerpt":{"rendered":"<p>Especifica\u00e7\u00f5es Resolu\u00e7\u00e3o da tela1080 x 2400 pixelsDensidade de pixels409 ppiSistema OperacionalAndroid 13 &#8211; MIUI 14ChipsetMediatek Helio G96 (12 nm)CPUOcta-core (2&#215;2.05 GHz Cortex-A76 &amp; 6&#215;2.0 GHz Cortex-A55)GPUMali-G57 MC2WLANWi-Fi 802.11 a\/b\/g\/n\/ac &#8211; Banda DuplaBluetoothSimSensoresImpress\u00e3o digital &#8211; Aceler\u00f4metro &#8211; Girosc\u00f3pio &#8211; B\u00fassola &#8211; Detec\u00e7\u00e3o de proximidade virtualBateria5000mAhC\u00e2mera Frontal108 MP + 8 MP + 2 MPC\u00e2mera Traseira16 MPPlataformaAndroidMem\u00f3ria interna256GBMem\u00f3ria [&hellip;]<\/p>\n","protected":false},"featured_media":7330,"comment_status":"open","ping_status":"closed","template":"","meta":{"om_disable_all_campaigns":false,"_uf_show_specific_survey":0,"_uf_disable_surveys":false},"pwb-brand":[],"product_cat":[155,39,53],"product_tag":[],"class_list":{"0":"post-6338","1":"product","2":"type-product","3":"status-publish","4":"has-post-thumbnail","6":"product_cat-smartphones","7":"product_cat-celulares-tablets","8":"product_cat-xiaomi-celulares-e-telefones","10":"first","11":"instock","12":"taxable","13":"shipping-taxable","14":"purchasable","15":"product-type-simple"},"aioseo_notices":[],"jetpack_sharing_enabled":true,"brands":[],"_links":{"self":[{"href":"https:\/\/mixshoppjc.com\/index.php?rest_route=\/wp\/v2\/product\/6338","targetHints":{"allow":["GET"]}}],"collection":[{"href":"https:\/\/mixshoppjc.com\/index.php?rest_route=\/wp\/v2\/product"}],"about":[{"href":"https:\/\/mixshoppjc.com\/index.php?rest_route=\/wp\/v2\/types\/product"}],"replies":[{"embeddable":true,"href":"https:\/\/mixshoppjc.com\/index.php?rest_route=%2Fwp%2Fv2%2Fcomments&post=6338"}],"wp:featuredmedia":[{"embeddable":true,"href":"https:\/\/mixshoppjc.com\/index.php?rest_route=\/wp\/v2\/media\/7330"}],"wp:attachment":[{"href":"https:\/\/mixshoppjc.com\/index.php?rest_route=%2Fwp%2Fv2%2Fmedia&parent=6338"}],"wp:term":[{"taxonomy":"pwb-brand","embeddable":true,"href":"https:\/\/mixshoppjc.com\/index.php?rest_route=%2Fwp%2Fv2%2Fpwb-brand&post=6338"},{"taxonomy":"product_cat","embeddable":true,"href":"https:\/\/mixshoppjc.com\/index.php?rest_route=%2Fwp%2Fv2%2Fproduct_cat&post=6338"},{"taxonomy":"product_tag","embeddable":true,"href":"https:\/\/mixshoppjc.com\/index.php?rest_route=%2Fwp%2Fv2%2Fproduct_tag&post=6338"}],"curies":[{"name":"wp","href":"https:\/\/api.w.org\/{rel}","templated":true}]}}