{"id":6255,"date":"2024-02-16T17:26:52","date_gmt":"2024-02-16T20:26:52","guid":{"rendered":"https:\/\/mixshoppjc.com\/index.php\/product\/produto-3666\/"},"modified":"2024-03-11T11:33:41","modified_gmt":"2024-03-11T14:33:41","slug":"produto-3666","status":"publish","type":"product","link":"https:\/\/mixshoppjc.com\/?product=produto-3666","title":{"rendered":"Smartwatch Amazfit GTR Mini A2174 &#8211; Preto"},"content":{"rendered":"<p><strong>Modelo<\/strong>Amazfit GTR Mini A2174<br \/><strong>Sistema operacional<\/strong>Zepp OS 2.0<br \/><strong>Tipo de tela<\/strong>AMOLED 1.28&#8243;<br \/><strong>Compatibilidade<\/strong>Android, iOS<br \/><strong>Conectividade wireless<\/strong>Bluetooth 5.1<br \/><strong>Chamadas<\/strong>Sim<br \/><strong>Notifica\u00e7\u00f5es de mensagens<\/strong>Sim<br \/><strong>Monitoramento de sa\u00fade<\/strong>Frequ\u00eancia cardiaca, SpO2<br \/><strong>Resist\u00eancia \u00e0 \u00e1gua<\/strong>5 ATM ( 50 metros )<br \/><strong>Carregamento<\/strong>Requer aproximadamente 2 horas<br \/><strong>Bateria<\/strong>280 mAh<br \/><strong>Autonomia da bateria<\/strong>At\u00e9 12 Dias<br \/><strong>Cor<\/strong>Azul<br \/><strong>Peso bruto<\/strong>111 g<br \/><strong>Dimens\u00f5es<\/strong>10.9 x 5 x 13.5 cm<\/p>\n","protected":false},"excerpt":{"rendered":"<p>ModeloAmazfit GTR Mini A2174Sistema operacionalZepp OS 2.0Tipo de telaAMOLED 1.28&#8243;CompatibilidadeAndroid, iOSConectividade wirelessBluetooth 5.1ChamadasSimNotifica\u00e7\u00f5es de mensagensSimMonitoramento de sa\u00fadeFrequ\u00eancia cardiaca, SpO2Resist\u00eancia \u00e0 \u00e1gua5 ATM ( 50 metros )CarregamentoRequer aproximadamente 2 horasBateria280 mAhAutonomia da bateriaAt\u00e9 12 DiasCorAzulPeso bruto111 gDimens\u00f5es10.9 x 5 x 13.5 cm<\/p>\n","protected":false},"featured_media":7718,"comment_status":"open","ping_status":"closed","template":"","meta":{"om_disable_all_campaigns":false,"_uf_show_specific_survey":0,"_uf_disable_surveys":false},"pwb-brand":[],"product_cat":[187,39,47,72],"product_tag":[],"class_list":{"0":"post-6255","1":"product","2":"type-product","3":"status-publish","4":"has-post-thumbnail","6":"product_cat-novidades","7":"product_cat-celulares-tablets","8":"product_cat-relogio","9":"product_cat-smartwatch","11":"first","12":"instock","13":"sale","14":"taxable","15":"shipping-taxable","16":"purchasable","17":"product-type-simple"},"aioseo_notices":[],"jetpack_sharing_enabled":true,"brands":[],"_links":{"self":[{"href":"https:\/\/mixshoppjc.com\/index.php?rest_route=\/wp\/v2\/product\/6255","targetHints":{"allow":["GET"]}}],"collection":[{"href":"https:\/\/mixshoppjc.com\/index.php?rest_route=\/wp\/v2\/product"}],"about":[{"href":"https:\/\/mixshoppjc.com\/index.php?rest_route=\/wp\/v2\/types\/product"}],"replies":[{"embeddable":true,"href":"https:\/\/mixshoppjc.com\/index.php?rest_route=%2Fwp%2Fv2%2Fcomments&post=6255"}],"wp:featuredmedia":[{"embeddable":true,"href":"https:\/\/mixshoppjc.com\/index.php?rest_route=\/wp\/v2\/media\/7718"}],"wp:attachment":[{"href":"https:\/\/mixshoppjc.com\/index.php?rest_route=%2Fwp%2Fv2%2Fmedia&parent=6255"}],"wp:term":[{"taxonomy":"pwb-brand","embeddable":true,"href":"https:\/\/mixshoppjc.com\/index.php?rest_route=%2Fwp%2Fv2%2Fpwb-brand&post=6255"},{"taxonomy":"product_cat","embeddable":true,"href":"https:\/\/mixshoppjc.com\/index.php?rest_route=%2Fwp%2Fv2%2Fproduct_cat&post=6255"},{"taxonomy":"product_tag","embeddable":true,"href":"https:\/\/mixshoppjc.com\/index.php?rest_route=%2Fwp%2Fv2%2Fproduct_tag&post=6255"}],"curies":[{"name":"wp","href":"https:\/\/api.w.org\/{rel}","templated":true}]}}