{"id":6249,"date":"2024-02-16T17:26:43","date_gmt":"2024-02-16T20:26:43","guid":{"rendered":"https:\/\/mixshoppjc.com\/index.php\/product\/produto-3660\/"},"modified":"2024-03-12T11:29:26","modified_gmt":"2024-03-12T14:29:26","slug":"produto-3660","status":"publish","type":"product","link":"https:\/\/mixshoppjc.com\/?product=produto-3660","title":{"rendered":"Cooler para Notebook Satellite A-CP24A com Ventilador de 110..."},"content":{"rendered":"<p>Marca<br \/>Satellite<br \/>Indica\u00e7\u00e3o<br \/>Para Notebook<br \/>Ilumina\u00e7\u00e3o<br \/>RGB<\/p>\n","protected":false},"excerpt":{"rendered":"<p>MarcaSatelliteIndica\u00e7\u00e3oPara NotebookIlumina\u00e7\u00e3oRGB<\/p>\n","protected":false},"featured_media":7845,"comment_status":"open","ping_status":"closed","template":"","meta":{"om_disable_all_campaigns":false,"_uf_show_specific_survey":0,"_uf_disable_surveys":false},"pwb-brand":[],"product_cat":[187,33,98,44,79,99],"product_tag":[],"class_list":{"0":"post-6249","1":"product","2":"type-product","3":"status-publish","4":"has-post-thumbnail","6":"product_cat-novidades","7":"product_cat-acessorios-e-perifericos","8":"product_cat-suportes","9":"product_cat-informatica","10":"product_cat-perifericos","11":"product_cat-cooler","13":"first","14":"instock","15":"sale","16":"taxable","17":"shipping-taxable","18":"purchasable","19":"product-type-simple"},"aioseo_notices":[],"jetpack_sharing_enabled":true,"brands":[],"_links":{"self":[{"href":"https:\/\/mixshoppjc.com\/index.php?rest_route=\/wp\/v2\/product\/6249","targetHints":{"allow":["GET"]}}],"collection":[{"href":"https:\/\/mixshoppjc.com\/index.php?rest_route=\/wp\/v2\/product"}],"about":[{"href":"https:\/\/mixshoppjc.com\/index.php?rest_route=\/wp\/v2\/types\/product"}],"replies":[{"embeddable":true,"href":"https:\/\/mixshoppjc.com\/index.php?rest_route=%2Fwp%2Fv2%2Fcomments&post=6249"}],"wp:featuredmedia":[{"embeddable":true,"href":"https:\/\/mixshoppjc.com\/index.php?rest_route=\/wp\/v2\/media\/7845"}],"wp:attachment":[{"href":"https:\/\/mixshoppjc.com\/index.php?rest_route=%2Fwp%2Fv2%2Fmedia&parent=6249"}],"wp:term":[{"taxonomy":"pwb-brand","embeddable":true,"href":"https:\/\/mixshoppjc.com\/index.php?rest_route=%2Fwp%2Fv2%2Fpwb-brand&post=6249"},{"taxonomy":"product_cat","embeddable":true,"href":"https:\/\/mixshoppjc.com\/index.php?rest_route=%2Fwp%2Fv2%2Fproduct_cat&post=6249"},{"taxonomy":"product_tag","embeddable":true,"href":"https:\/\/mixshoppjc.com\/index.php?rest_route=%2Fwp%2Fv2%2Fproduct_tag&post=6249"}],"curies":[{"name":"wp","href":"https:\/\/api.w.org\/{rel}","templated":true}]}}