{"id":6247,"date":"2024-02-16T17:26:40","date_gmt":"2024-02-16T20:26:40","guid":{"rendered":"https:\/\/mixshoppjc.com\/index.php\/product\/produto-3658\/"},"modified":"2024-03-12T11:34:13","modified_gmt":"2024-03-12T14:34:13","slug":"produto-3658","status":"publish","type":"product","link":"https:\/\/mixshoppjc.com\/?product=produto-3658","title":{"rendered":"Fone De Ouvido Sem Fio Xion XI-AU38BT"},"content":{"rendered":"<p>Os fones de ouvido sem fio Xion XI-AU38BT oferecem uma experi\u00eancia auditiva de qualidade. Com a vers\u00e3o Bluetooth 5.3, fornecem uma conex\u00e3o s\u00f3lida at\u00e9 10 metros de dist\u00e2ncia. Sua faixa de frequ\u00eancia de 2,4 GHz a 2,48 GHz garante uma transmiss\u00e3o de \u00e1udio est\u00e1vel. Com uma bateria de 200mAh, eles t\u00eam um tempo de carregamento r\u00e1pido de 2 horas e uma impressionante autonomia de 20 horas, o que permite desfrutar de m\u00fasica durante todo o dia. Os drivers de 40&#215;2 mm oferecem um som n\u00edtido e uma imped\u00e2ncia de 32 ohms s.p.l para uma qualidade de \u00e1udio superior. Esses fones de ouvido s\u00e3o ideais para uma experi\u00eancia sem fio sem complica\u00e7\u00f5es e um som excepcional.<\/p>\n","protected":false},"excerpt":{"rendered":"<p>Os fones de ouvido sem fio Xion XI-AU38BT oferecem uma experi\u00eancia auditiva de qualidade. Com a vers\u00e3o Bluetooth 5.3, fornecem uma conex\u00e3o s\u00f3lida at\u00e9 10 metros de dist\u00e2ncia. Sua faixa de frequ\u00eancia de 2,4 GHz a 2,48 GHz garante uma transmiss\u00e3o de \u00e1udio est\u00e1vel. Com uma bateria de 200mAh, eles t\u00eam um tempo de carregamento [&hellip;]<\/p>\n","protected":false},"featured_media":7850,"comment_status":"open","ping_status":"closed","template":"","meta":{"om_disable_all_campaigns":false,"_uf_show_specific_survey":0,"_uf_disable_surveys":false},"pwb-brand":[],"product_cat":[33,65,66],"product_tag":[],"class_list":{"0":"post-6247","1":"product","2":"type-product","3":"status-publish","4":"has-post-thumbnail","6":"product_cat-acessorios-e-perifericos","7":"product_cat-fone-","8":"product_cat-fone-sem-fio","10":"first","11":"instock","12":"sale","13":"taxable","14":"shipping-taxable","15":"purchasable","16":"product-type-simple"},"aioseo_notices":[],"jetpack_sharing_enabled":true,"brands":[],"_links":{"self":[{"href":"https:\/\/mixshoppjc.com\/index.php?rest_route=\/wp\/v2\/product\/6247","targetHints":{"allow":["GET"]}}],"collection":[{"href":"https:\/\/mixshoppjc.com\/index.php?rest_route=\/wp\/v2\/product"}],"about":[{"href":"https:\/\/mixshoppjc.com\/index.php?rest_route=\/wp\/v2\/types\/product"}],"replies":[{"embeddable":true,"href":"https:\/\/mixshoppjc.com\/index.php?rest_route=%2Fwp%2Fv2%2Fcomments&post=6247"}],"wp:featuredmedia":[{"embeddable":true,"href":"https:\/\/mixshoppjc.com\/index.php?rest_route=\/wp\/v2\/media\/7850"}],"wp:attachment":[{"href":"https:\/\/mixshoppjc.com\/index.php?rest_route=%2Fwp%2Fv2%2Fmedia&parent=6247"}],"wp:term":[{"taxonomy":"pwb-brand","embeddable":true,"href":"https:\/\/mixshoppjc.com\/index.php?rest_route=%2Fwp%2Fv2%2Fpwb-brand&post=6247"},{"taxonomy":"product_cat","embeddable":true,"href":"https:\/\/mixshoppjc.com\/index.php?rest_route=%2Fwp%2Fv2%2Fproduct_cat&post=6247"},{"taxonomy":"product_tag","embeddable":true,"href":"https:\/\/mixshoppjc.com\/index.php?rest_route=%2Fwp%2Fv2%2Fproduct_tag&post=6247"}],"curies":[{"name":"wp","href":"https:\/\/api.w.org\/{rel}","templated":true}]}}