{"id":6238,"date":"2024-02-16T17:26:26","date_gmt":"2024-02-16T20:26:26","guid":{"rendered":"https:\/\/mixshoppjc.com\/index.php\/product\/produto-3649\/"},"modified":"2024-03-12T12:46:03","modified_gmt":"2024-03-12T15:46:03","slug":"produto-3649","status":"publish","type":"product","link":"https:\/\/mixshoppjc.com\/?product=produto-3649","title":{"rendered":"Tablet Amazon Fire HD 10 32Gb\/3Gb Ram (2021) 10.1&#8221; Wif..."},"content":{"rendered":"<p>Tablet Amazon Fire HD vem com uma tela de 10.1&#8243; e uma resolu\u00e7\u00e3o muito boa. Tem um design elegante com pontas ligeiramente arredondadas e grandes engastes na parte superior e inferior. Tem um poderoso processador octa-core e 3 GB de RAM, 50% mais RAM do que a gera\u00e7\u00e3o anterior A tela \u00e9 mais brilhante 10,1 &#8220;1080p Full HD Vivid \u00e9 10% mais brilhante do que a gera\u00e7\u00e3o anterior. Desfrute de filmes, v\u00eddeos e jogos de tela com \u00e2ngulos de vis\u00e3o amplos, menos reflexos e mais brilho gra\u00e7as \u00e0 impressionante tela LCD IPS. Ideal para assistir suas s\u00e9ries e filmes em qualquer lugar, transmitir via Wifi ou conectar-se ao Bluetooth para assistir seus conte\u00fados favoritos. Al\u00e9m disso, a bateria tem autonomia de 12 horas para desfrutar do melhor entretenimento.<\/p>\n","protected":false},"excerpt":{"rendered":"<p>Tablet Amazon Fire HD vem com uma tela de 10.1&#8243; e uma resolu\u00e7\u00e3o muito boa. Tem um design elegante com pontas ligeiramente arredondadas e grandes engastes na parte superior e inferior. Tem um poderoso processador octa-core e 3 GB de RAM, 50% mais RAM do que a gera\u00e7\u00e3o anterior A tela \u00e9 mais brilhante 10,1 [&hellip;]<\/p>\n","protected":false},"featured_media":7894,"comment_status":"open","ping_status":"closed","template":"","meta":{"om_disable_all_campaigns":false,"_uf_show_specific_survey":0,"_uf_disable_surveys":false},"pwb-brand":[],"product_cat":[156,39],"product_tag":[],"class_list":{"0":"post-6238","1":"product","2":"type-product","3":"status-publish","4":"has-post-thumbnail","6":"product_cat-tablets","7":"product_cat-celulares-tablets","9":"first","10":"instock","11":"sale","12":"taxable","13":"shipping-taxable","14":"purchasable","15":"product-type-simple"},"aioseo_notices":[],"jetpack_sharing_enabled":true,"brands":[],"_links":{"self":[{"href":"https:\/\/mixshoppjc.com\/index.php?rest_route=\/wp\/v2\/product\/6238","targetHints":{"allow":["GET"]}}],"collection":[{"href":"https:\/\/mixshoppjc.com\/index.php?rest_route=\/wp\/v2\/product"}],"about":[{"href":"https:\/\/mixshoppjc.com\/index.php?rest_route=\/wp\/v2\/types\/product"}],"replies":[{"embeddable":true,"href":"https:\/\/mixshoppjc.com\/index.php?rest_route=%2Fwp%2Fv2%2Fcomments&post=6238"}],"wp:featuredmedia":[{"embeddable":true,"href":"https:\/\/mixshoppjc.com\/index.php?rest_route=\/wp\/v2\/media\/7894"}],"wp:attachment":[{"href":"https:\/\/mixshoppjc.com\/index.php?rest_route=%2Fwp%2Fv2%2Fmedia&parent=6238"}],"wp:term":[{"taxonomy":"pwb-brand","embeddable":true,"href":"https:\/\/mixshoppjc.com\/index.php?rest_route=%2Fwp%2Fv2%2Fpwb-brand&post=6238"},{"taxonomy":"product_cat","embeddable":true,"href":"https:\/\/mixshoppjc.com\/index.php?rest_route=%2Fwp%2Fv2%2Fproduct_cat&post=6238"},{"taxonomy":"product_tag","embeddable":true,"href":"https:\/\/mixshoppjc.com\/index.php?rest_route=%2Fwp%2Fv2%2Fproduct_tag&post=6238"}],"curies":[{"name":"wp","href":"https:\/\/api.w.org\/{rel}","templated":true}]}}