{"id":2635,"date":"2024-02-16T15:44:44","date_gmt":"2024-02-16T18:44:44","guid":{"rendered":"https:\/\/mixshoppjc.com\/index.php\/product\/produto-52\/"},"modified":"2024-03-02T17:19:28","modified_gmt":"2024-03-02T20:19:28","slug":"produto-52","status":"publish","type":"product","link":"https:\/\/mixshoppjc.com\/?product=produto-52","title":{"rendered":"Removedor de Espinhas e Cravos Tucano 9001R &#8211; 700W &#8..."},"content":{"rendered":"<p>Especifica\u00e7\u00f5es<\/p>\n<p>Marca<br \/>Tucano<br \/>Modelo<br \/>9001R<br \/>Cor<br \/>Rosa<br \/>Bateria<br \/>Recarreg\u00e1vel 200mAh<br \/>Pot\u00eancia<br \/>700W<br \/>Tempo de Carga<br \/>2 horas<br \/>Velocidades<br \/>3<br \/>Pe\u00e7as<br \/>4 Cabe\u00e7as intercambi\u00e1veis<br \/>Dimens\u00f5es da Embalagem<br \/>20.50 cm X 14.00 cm X 5.50 cm<br \/>Peso Bruto<br \/>0.240 kg<\/p>\n","protected":false},"excerpt":{"rendered":"<p>Especifica\u00e7\u00f5es MarcaTucanoModelo9001RCorRosaBateriaRecarreg\u00e1vel 200mAhPot\u00eancia700WTempo de Carga2 horasVelocidades3Pe\u00e7as4 Cabe\u00e7as intercambi\u00e1veisDimens\u00f5es da Embalagem20.50 cm X 14.00 cm X 5.50 cmPeso Bruto0.240 kg<\/p>\n","protected":false},"featured_media":7494,"comment_status":"open","ping_status":"closed","template":"","meta":{"om_disable_all_campaigns":false,"_uf_show_specific_survey":0,"_uf_disable_surveys":false},"pwb-brand":[],"product_cat":[39,35,78],"product_tag":[],"class_list":{"0":"post-2635","1":"product","2":"type-product","3":"status-publish","4":"has-post-thumbnail","6":"product_cat-celulares-tablets","7":"product_cat-beleza-e-saude","8":"product_cat-beleza","10":"first","11":"instock","12":"sale","13":"taxable","14":"shipping-taxable","15":"purchasable","16":"product-type-simple"},"aioseo_notices":[],"jetpack_sharing_enabled":true,"brands":[],"_links":{"self":[{"href":"https:\/\/mixshoppjc.com\/index.php?rest_route=\/wp\/v2\/product\/2635","targetHints":{"allow":["GET"]}}],"collection":[{"href":"https:\/\/mixshoppjc.com\/index.php?rest_route=\/wp\/v2\/product"}],"about":[{"href":"https:\/\/mixshoppjc.com\/index.php?rest_route=\/wp\/v2\/types\/product"}],"replies":[{"embeddable":true,"href":"https:\/\/mixshoppjc.com\/index.php?rest_route=%2Fwp%2Fv2%2Fcomments&post=2635"}],"wp:featuredmedia":[{"embeddable":true,"href":"https:\/\/mixshoppjc.com\/index.php?rest_route=\/wp\/v2\/media\/7494"}],"wp:attachment":[{"href":"https:\/\/mixshoppjc.com\/index.php?rest_route=%2Fwp%2Fv2%2Fmedia&parent=2635"}],"wp:term":[{"taxonomy":"pwb-brand","embeddable":true,"href":"https:\/\/mixshoppjc.com\/index.php?rest_route=%2Fwp%2Fv2%2Fpwb-brand&post=2635"},{"taxonomy":"product_cat","embeddable":true,"href":"https:\/\/mixshoppjc.com\/index.php?rest_route=%2Fwp%2Fv2%2Fproduct_cat&post=2635"},{"taxonomy":"product_tag","embeddable":true,"href":"https:\/\/mixshoppjc.com\/index.php?rest_route=%2Fwp%2Fv2%2Fproduct_tag&post=2635"}],"curies":[{"name":"wp","href":"https:\/\/api.w.org\/{rel}","templated":true}]}}