{"id":2613,"date":"2024-02-16T15:44:32","date_gmt":"2024-02-16T18:44:32","guid":{"rendered":"https:\/\/mixshoppjc.com\/index.php\/product\/produto-30\/"},"modified":"2024-02-28T12:02:12","modified_gmt":"2024-02-28T15:02:12","slug":"produto-30","status":"publish","type":"product","link":"https:\/\/mixshoppjc.com\/?product=produto-30","title":{"rendered":"Baba eletr\u00f4nico Hubble Nursery View Pal Glow+ Sem Fio &#821..."},"content":{"rendered":"<p>O Hubble Nursery Pal Glow + permite monitorar seu beb\u00ea em casa na tela grande com uma tela LCD colorida de 5 polegadas que mostra v\u00eddeo e \u00e1udio ao vivo no quarto do seu filho, informando o que est\u00e1 acontecendo. Possui um alcance impressionante de 300 metros e nunca perde uma imagem n\u00edtida do seu filho. A bateria dura cerca de 15 horas e, a partir da unidade dos pais, acompanhe a temperatura ambiente ou ajuste facilmente sua vis\u00e3o com panor\u00e2mica, inclina\u00e7\u00e3o e zoom remotos. Com vis\u00e3o noturna infravermelha, essa vis\u00e3o permanece n\u00edtida mesmo no escuro. Esta unidad cuenta con canciones de cuna e historias de cabecera preinstaladas, o c\u00e1lmelo con el sonido familiar de su voz con comunicaci\u00f3n bidireccional, tambi\u00e9n tiene luz con 7 colores, as\u00ed como un Sleep Trainer dise\u00f1ado por expertos para ayudar a su peque\u00f1o a desarrollar buenos h\u00e1bitos do sonho. Al\u00e9m disso, permite que voc\u00ea defina notifica\u00e7\u00f5es de som e movimento em seu dispositivo inteligente para ficar conectado a qualquer hora, em qualquer lugar.<\/p>\n","protected":false},"excerpt":{"rendered":"<p>O Hubble Nursery Pal Glow + permite monitorar seu beb\u00ea em casa na tela grande com uma tela LCD colorida de 5 polegadas que mostra v\u00eddeo e \u00e1udio ao vivo no quarto do seu filho, informando o que est\u00e1 acontecendo. Possui um alcance impressionante de 300 metros e nunca perde uma imagem n\u00edtida do seu [&hellip;]<\/p>\n","protected":false},"featured_media":7135,"comment_status":"open","ping_status":"closed","template":"","meta":{"om_disable_all_campaigns":false,"_uf_show_specific_survey":0,"_uf_disable_surveys":false},"pwb-brand":[161],"product_cat":[40,48],"product_tag":[160],"class_list":{"0":"post-2613","1":"product","2":"type-product","3":"status-publish","4":"has-post-thumbnail","6":"pwb-brand-hubble","7":"product_cat-eletronicos","8":"product_cat-seguranca-tv-e-video","9":"product_tag-baba-eletronico","11":"first","12":"instock","13":"taxable","14":"shipping-taxable","15":"purchasable","16":"product-type-simple"},"aioseo_notices":[],"jetpack_sharing_enabled":true,"brands":[{"id":161,"name":"Hubble","slug":"hubble"}],"_links":{"self":[{"href":"https:\/\/mixshoppjc.com\/index.php?rest_route=\/wp\/v2\/product\/2613","targetHints":{"allow":["GET"]}}],"collection":[{"href":"https:\/\/mixshoppjc.com\/index.php?rest_route=\/wp\/v2\/product"}],"about":[{"href":"https:\/\/mixshoppjc.com\/index.php?rest_route=\/wp\/v2\/types\/product"}],"replies":[{"embeddable":true,"href":"https:\/\/mixshoppjc.com\/index.php?rest_route=%2Fwp%2Fv2%2Fcomments&post=2613"}],"wp:featuredmedia":[{"embeddable":true,"href":"https:\/\/mixshoppjc.com\/index.php?rest_route=\/wp\/v2\/media\/7135"}],"wp:attachment":[{"href":"https:\/\/mixshoppjc.com\/index.php?rest_route=%2Fwp%2Fv2%2Fmedia&parent=2613"}],"wp:term":[{"taxonomy":"pwb-brand","embeddable":true,"href":"https:\/\/mixshoppjc.com\/index.php?rest_route=%2Fwp%2Fv2%2Fpwb-brand&post=2613"},{"taxonomy":"product_cat","embeddable":true,"href":"https:\/\/mixshoppjc.com\/index.php?rest_route=%2Fwp%2Fv2%2Fproduct_cat&post=2613"},{"taxonomy":"product_tag","embeddable":true,"href":"https:\/\/mixshoppjc.com\/index.php?rest_route=%2Fwp%2Fv2%2Fproduct_tag&post=2613"}],"curies":[{"name":"wp","href":"https:\/\/api.w.org\/{rel}","templated":true}]}}